).
-2
Suppose 21 = s + 2*t + t, 28 = 3*s + 2*t. Let c(q) = -4 + 1 - s + q + 1. Give c(4).
-4
Let m(a) = a**2 + 4*a + 5. Let g be m(-4). Let w(s) be the third derivative of -s**4/24 + 11*s**3/6 + 14*s**2. What is w(g)?
6
Let i(x) = -x**2 - 2*x + 3. Let z = -10 - -16. Suppose 0*j + 2*j - z = 0. Suppose -23 = 5*m + 3*c, j*c = 4*m - 2*c + 11. Give i(m).
-5
Let z be (-4)/2 + (-35)/(-15). Let t(x) be the first derivative of -3*x**2 + 1 - 2*x - z*x**3. Determine t(-5).
3
Let w(a) = a + 5. Suppose -3*i + 2*i + 1 = 0. Let u(v) = 2*v - 2. Let p be u(i). What is w(p)?
5
Let c(i) = 5 - 1 - i**2 - 5*i + 2*i + i**3 + 0*i**3. What is c(3)?
13
Let l(w) = -9*w**2 - 2*w**3 - 5*w**2 + 5*w + 15*w**2 + w**3 - 2. Determine l(3).
-5
Suppose -s - 4*p = -6, 4*s - 5*s = p - 3. Let v(d) = 3*d**2 - 3*d. Calculate v(s).
6
Suppose 0*k = -3*k + 15. Let d = k - 4. Let x(w) = -w**2 + 2*w - 1. Let u(p) = -4*p**2 + 10*p - 5. Let f(m) = -2*u(m) + 11*x(m). Calculate f(d).
-2
Let f(g) = 2*g**2 + 5*g + 2. Let k be (1 + 14)*(-1)/(-3). Suppose -4*j + 18 = -9*j - b, k*j = -2*b - 21. Determine f(j).
5
Suppose -u + 4*h + 20 = 0, 2*h - 5*h = 15. Let j(a) be the second derivative of 2*a + 0 - 1/12*a**4 + 3/2*a**2 - 1/6*a**3. Calculate j(u).
3
Let w(d) = 3*d - 5. Let l(x) = -x - 2. Suppose 2*r - r = 5*o - 12, 5*o = 4*r + 33. Let c be l(r). Determine w(c).
10
Let g(f) = f - 4. Let v be g(5). Let b(y) = -5 + v + 2*y + 1 - 4. What is b(7)?
7
Let h(u) = -3*u**2 + 8*u - 2. Let r be h(3). Suppose -3 = -f - 4. Let x(i) = i - 3. Let n(j) = -j + 1. Let b(d) = f*x(d) - 2*n(d). Calculate b(r).
-4
Suppose 3*t = -o + 2, o - t - 3*t = -12. Suppose 0 = 2*j - 1 - 5. Let p(b) = -2*b**j + 6 + 4*b**2 - 3*b**3 + 3*b + 6*b**3. Determine p(o).
-6
Let f(k) = k**2 + 10*k - 3. Suppose w = -2*g - 15, -42 = -0*g + 5*g - 2*w. Determine f(g).
-19
Let l = 5 - 3. Let i(g) = -5*g - l + 0*g + 5. Let t be (3/2)/((-6)/(-12)). Give i(t).
-12
Let c be (4 - 2 - 0) + -9. Let m be 37/(-7) + (-2)/c. Let g(x) = -x - 5. Determine g(m).
0
Let m(t) be the first derivative of t**4/4 + 5*t**3/3 - 7*t**2/2 - 3*t - 2. Let o be m(-6). Let g(n) = -o*n + n**2 + 6*n - 1 - 1. Calculate g(-2).
-4
Let g(k) = 2 - 1 - 7*k + 6*k. Let x(b) = 2*b**2 + 7*b - 7. Let a(m) = 6*g(m) + x(m). Let r(v) be the first derivative of a(v). Give r(-1).
-3
Suppose -9 = 2*j + 1. Let k(u) = 2*u - 3. Let o be k(4). Let y(l) = l**3 - 1 + 6 + o*l**2 - 1 + 2. Give y(j).
6
Let w be (1/2)/((-2)/(-20)). Let q(n) be the second derivative of n**5/60 - n**4/6 - 3*n**2/2 + 4*n. Let c(v) be the first derivative of q(v). What is c(w)?
5
Let r(k) = k**3 - 4*k**2 - 5*k - 5. Let g be (12 - 2)*(-3)/(-6). Let c = g + 0. Give r(c).
-5
Let t(q) be the second derivative of -1/2*q**2 + 0 + q + 1/6*q**3. Give t(0).
-1
Let n(u) be the third derivative of -u**4/24 - 2*u**3/3 - 62*u**2. Determine n(-9).
5
Let d(m) = 8*m + 26*m**2 + 20*m**2 - 45*m**2 + 6. What is d(-5)?
-9
Suppose -7*d + 5*d + 4 = 0. Suppose 0 = -d*g + 4*g + 12. Let q(s) = -s - 3. Give q(g).
3
Let f = -14 - -32. Let b(o) = -4*o + f - o**2 - 18. What is b(-5)?
-5
Let p(u) = -u**2 - 5*u + 6. Let r(g) = g - 5. Suppose 3*t = -3*z - 6, -2*z + z = 4*t + 2. Suppose -3*l = -t*l. Let h be r(l). Determine p(h).
6
Let a(u) = u**3 - 3*u**2 + u. Suppose 3*w + 4 - 13 = 0. Calculate a(w).
3
Let c(o) = -o + 4. Let k be c(0). Suppose -2*a = -5*x, -k*x = 5*a - 0*x. Suppose a*v = -v + h, -3*v = 2*h. Let y(d) = -d - 7. What is y(v)?
-7
Let y(r) = r**2 + 5*r + 4. Let g be y(-5). Suppose g*c + 5 = -15. Let h(s) = s**2 + 5*s + 2. Give h(c).
2
Let h(w) = 2*w**2 - w + 3. Let b(u) = 2*u**2 - u + 4. Let k(i) = 5*b(i) - 6*h(i). Let o = -12 - -14. Determine k(o).
-4
Let q(u) = u**3 - 5*u**2 - 8*u + 3. Let k = 13 - 9. Suppose k*p = 7 - 51. Let n = p + 17. What is q(n)?
-9
Let o = 33 + -31. Let v(l) be the second derivative of 0*l**o - 1/6*l**3 + l + 0. Calculate v(5).
-5
Let m(u) be the first derivative of -u**2/2 + 6*u + 15. Give m(-5).
11
Let w(n) be the third derivative of n**8/20160 - n**7/5040 + n**6/180 + 3*n**5/20 + 11*n**2. Let m(i) be the third derivative of w(i). Calculate m(0).
4
Let q(h) = 2 + 3*h - 2*h - 3*h**3 + 2*h**3 - 5*h**2 + 1. Let k = 8 - 13. Calculate q(k).
-2
Let i be -1 - -3 - (0 + 2). Suppose -5*m + i + 10 = 0. Let n(j) = -j - j + 8 + 3*j + j**2 - m*j. What is n(0)?
8
Suppose -5*h = -9*c + 4*c - 15, -2*h + 5*c = 0. Let d(v) = -10*v**2 + 22*v - 6. Let i(r) = 7*r**2 - 15*r + 4. Let a(q) = -5*d(q) - 7*i(q). What is a(h)?
2
Suppose 2*q + 2*v = -3*v - 2, -2*q - 2*v = -10. Let r be q/(-3)*(-4)/6. Let i(f) = -2*f + 3 + f**2 - 3*f + f. Determine i(r).
-1
Let j(s) be the first derivative of s**3 - s**2 + s - 2. Calculate j(1).
2
Let u(m) = 14*m**3 - 15*m**2 + 23*m + 17. Let j(a) = 5*a**3 - 5*a**2 + 8*a + 6. Let h(n) = 11*j(n) - 4*u(n). Give h(4).
-2
Let c(r) = -r**3 + 3*r**2 + 2*r. Suppose -4*a + k = -23, 5*k - 2*k + 34 = 5*a. Let u = 0 + 5. Suppose -a = -5*p, -u*d = -0*d + 2*p - 17. Give c(d).
6
Let n(g) be the first derivative of g**4/4 - 4*g**3/3 - g**2 - g + 6. Determine n(4).
-9
Let w(q) = 2*q**2 + q + 1. Suppose 0*o - o = -6. Suppose -4*g - 8 = 0, -3*g = b + g + o. Give w(b).
11
Let n be 2/10 + (-8)/40. Let v(z) = -z**2 - z - 10. Calculate v(n).
-10
Let q(s) = -s**3 + 7*s**2 + 2. Suppose 4*c - 31 = -3. Calculate q(c).
2
Let r be 1/(3/9) + -1. Suppose -r*w + 4*w = 10. Let x(v) = v**2 - 6*v. Let i(z) = z**2 - 5*z - 1. Let h(g) = -3*i(g) + 2*x(g). Give h(w).
-7
Let b(f) = f**2 + 3*f - 4. Suppose d + 77 = 5*l + 2*d, 5*l = 2*d + 86. Suppose 0 = -4*i - q - l, i + 5*q + 7 = 4*q. Calculate b(i).
-4
Let v = 99 - 99. Let r(p) be the second derivative of -2/3*p**3 + 0 - p + v*p**2 + 5/12*p**4 - 1/20*p**5. Give r(4).
0
Let r(d) = 5*d**3 - 5*d + 6 - 4*d**3 + 6*d**2 - 2*d**2. Calculate r(-5).
6
Let h(j) = -j**2 + 7*j - 4. Let f be h(7). Let o(l) = l + 1. Let k(d) = 3. Let i(c) = -k(c) + 2*o(c). Determine i(f).
-9
Let s be ((-1)/2)/(1/(-6)). Let w(d) = -2*d**2 + 8*d**s + 3*d - 2*d + 4*d**2. What is w(-1)?
-7
Let w(d) = -6*d**3 - 2*d**2 - d. Let k be (21/9)/(1/(-3)). Let h = -8 - k. What is w(h)?
5
Let k(y) be the first derivative of y**4 + y**3/3 - 3*y**2/2 + 4*y - 4. Let c(i) = -i**3 - i**2 + i - 1. Let v(x) = 3*c(x) + k(x). Let t = -5 + 8. Give v(t).
10
Let v(m) = -m**2 - 2*m + 4. Let l be v(-2). Let s(a) be the first derivative of a**4/4 - a**3 - 2*a**2 - a - 1. What is s(l)?
-1
Let n(g) = -2*g**3 - 2*g**2 + 3*g + 2. Let z(y) = y**3 - 7*y**2 + y + 3. Let q be z(7). Suppose -10 = 5*f + q. Let s be -1 + f/2 + 1. Calculate n(s).
4
Let d(a) = 4*a - 3. Let p(h) = -35*h**2 + 30*h. Let o(j) = -j**2 + j. Let y(s) = -30*o(s) + p(s). Let n be y(-1). Let i = -2 - n. Calculate d(i).
9
Let v be (-3)/(-6) + 18/(-12). Let n(q) = -3*q + 1. Give n(v).
4
Let y(l) be the third derivative of l**5/60 - l**4/12 - l**3/6 - l**2. Suppose 3*j + h - 9 = 4*h, -h = -3*j + 11. Determine y(j).
7
Let p(x) = -x - 8. Let w = 85 - 92. Determine p(w).
-1
Suppose 11 - 41 = -5*a. Let n(v) = v - 7. Calculate n(a).
-1
Let d(y) = -y - 2. Let s be d(-4). Let o(u) = -4*u**2 + 5*u**2 + s + 3*u**3 - 1 - u. Suppose 5*l - 5 + 0 = 0. Determine o(l).
4
Let p(q) = q**3 + 4*q**2 + 2*q + 4. Let f be p(-4). Let d(y) = -5 + 6 - 5*y + y**2 + 4*y + 4*y. What is d(f)?
5
Suppose 0 = 2*u - 10 + 2. Suppose u*d = d + 4*n + 23, 5*d = -3*n + 19. Let g(t) = t**3 - 5*t**2 - 3*t + 7. What is g(d)?
-8
Let i(x) = 2*x + 1. Let a(j) = -j**3 + 14*j**2 + j - 18. Let y be a(14). What is i(y)?
-7
Let l(s) = 21*s**3 - 7*s**2 - s + 7. Let q(x) = x**3 - x**2 + 1. Let u(g) = l(g) - 6*q(g). Give u(1).
14
Let b be 2 + 6 + (2 - 4). Let h(k) = 6*k - 18. Let m(f) = -5*f + 16. Let r(x) = -4*h(x) - 5*m(x). Determine r(b).
-2
Let c(p) = 3*p**2 - 3*p + 1. Let k be c(-3). Let f(s) = 18 - k + 2*s + 26. Give f(-6).
-5
Suppose -2*v + v = 0. Suppose -p + 4*p + 12 = v. Let m(z) be the first derivative of z**3/3 + 5*z**2/2 - 2*z + 4. What is m(p)?
-6
Let c(n) be the first derivative of -n**2/2 + 2*n + 1. Calculate c(-5).
7
Let p(v) = 3*v - 3. Let g = 0 + 2. Suppose -21 = -4*j - 3*a, 0 = -g*j + 3*a - 0*a - 3. Suppose -j*k + 11 = b - 0*b, b - 2*k = -4. Calculate p(b).
3
Suppose 8 = -4*x - 0*x. Let s(d) = -d**2 + d + 2. Determine s(x).
-4
Let i(c) = -c**3 + 10*c**2 - c + 11. Let n be i(10). Let m = 0 + -1. Let x = n - m. Let u(o) = -o*